 610. Calculate the highest common factor of o and 29.
29
Suppose 21 = d - 3*m, -3*d + 4*m - 21 + 99 = 0. Let q be (-1204)/(-10) - 2/5. What is the greatest common divisor of d and q?
30
Let d be 16/(-4) + 8 + (67 - -1). Let o = -27 + -1. Let i = -20 - o. Calculate the greatest common divisor of d and i.
8
Suppose -194 = -2*v + c, -4*v - 19*c + 384 = -23*c. What is the greatest common factor of v and 14?
14
Suppose -k = 2*l + 2*l + 255, -5*l - 3*k - 317 = 0. Let z = l - -176. Suppose -7*x + 14 = -6*x. What is the highest common factor of z and x?
14
Suppose -83*b + 78*b = -305. Calculate the greatest common factor of b and 549.
61
Suppose -205 = -2*d - 5*v, d = v + 57 + 28. Calculate the highest common divisor of 20 and d.
10
Suppose 0 = -2*r - 3*b + 125, 0*b + 3*b + 15 = 0. What is the greatest common factor of 20 and r?
10
Let p(c) = -c + 3. Let j be p(3). Suppose j = 3*k + k - 216. Calculate the greatest common factor of 216 and k.
54
Let z be 0/(4/(-5)*10/(-4)). Suppose 4*c - h - h + 6 = z, 4*h = 5*c + 15. What is the highest common divisor of 4 and c?
1
Suppose 5*t - 985 = -385. What is the greatest common factor of 260 and t?
20
Let m = 29 + -26. Suppose m*v - v + 8 = 0. Let i be v + 7/(28/368). Calculate the greatest common factor of i and 22.
22
Let d(j) = -2*j**3 + 53*j**2 - 57*j - 27. Let f be d(25). Calculate the highest common divisor of f and 235.
47
Suppose -k + 10 = 4. Let y be 4/k*(1 + 2). Let o be (-3)/(-3)*(y + 15). What is the greatest common divisor of o and 34?
17
Let a be 621/6 - (-1)/2. Suppose -8*g + a + 32 = 0. What is the highest common divisor of 136 and g?
17
Suppose 2*m - 227 = -u, 3*u - 277 = -3*m + 410. Calculate the highest common factor of 66 and u.
33
Let h(y) = -18*y + 198. Let d be h(4). Calculate the highest common factor of 7 and d.
7
Let b be (0 + 1)/((-12)/168). Let g = -11 - b. What is the greatest common factor of g and 21?
3
Let r(p) = -8*p + 4. Let u be r(11). Let h = u - -48. Let o = 90 + h. Calculate the greatest common factor of o and 6.
6
Suppose j = 4*j - 5*x - 127, 4*j - x = 175. Calculate the greatest common factor of j and 484.
44
Suppose -464*w + 456*w = -6952. What is the highest common factor of 11 and w?
11
Let k(g) = g**3 - 6*g**2 + 13*g - 10. Let j be k(5). What is the highest common factor of j and 24?
6
Let r be 8 - 2/((-4)/(-6)). Suppose 4*j - 1 - 15 = 0. Suppose 3*u = j*k + 35, u + u = r*k + 21. Calculate the greatest common factor of 13 and u.
13
Let u(j) = -j**2 - j + 166. Let x be u(-13). Suppose h = -h + 150. Suppose 0*a = -5*a + h. Calculate the greatest common factor of x and a.
5
Suppose 5*g - 1760 = -5*r, 18*r = 15*r. Suppose -4*b = -3*b - g. What is the greatest common factor of b and 32?
32
Let h = 455 - 59. Calculate the greatest common divisor of 12 and h.
12
Let w = 53 - 41. Let a be w/4 - (0 + -57). Calculate the highest common factor of a and 150.
30
Let x(o) = -o**2 - 6*o - 2. Let q be x(-5). Let n = -55 + 71. Let v be (n/12 - -2)/(4/18). Calculate the highest common factor of v and q.
3
Let p(b) = -b**3 - b**2 + 2*b - 1. Suppose 0 = -4*l + 6 - 2. Let r be p(l). Let h(y) = -12*y - 1. Let t be h(r). What is the highest common factor of t and 1?
1
Let j be 1/2 + 31/2. Let a(k) = -4*k**2 + 255*k + 327. Let t be a(65). What is the highest common factor of j and t?
2
Let t be (-44 + 5)*2/(-6). Let w = t - 0. Calculate the greatest common divisor of 91 and w.
13
Suppose -b - 4*k + 16 = 0, -4*k + 0 - 4 = 0. Calculate the greatest common factor of b and 30.
10
Let p(q) = -q**2 - 13*q + 16. Let c(j) = 11 + 15*j + 11 - 19*j. Let t be c(9). Let v be p(t). Calculate the highest common factor of 10 and v.
2
Suppose k + 40 = 45. Suppose -k*t - 261 = -14*t. What is the highest common factor of 29 and t?
29
Let n = 347 + -291. Calculate the highest common factor of 308 and n.
28
Suppose 3*l + 135 = 9. Let n be 44 - (l/(-10) + 2/(-10)). What is the greatest common divisor of n and 160?
40
Let j = 115 - 100. What is the greatest common factor of 80 and j?
5
Let b be (-210)/63*(-1 + 3 + -5). Calculate the greatest common factor of 490 and b.
10
Let t(f) = 2*f**2 + 2*f - 8. Let l be t(-3). Suppose 578 = l*k - 606. Calculate the greatest common factor of k and 37.
37
Suppose -4*y = -y - 9. Suppose 0 = -4*d + 5*w + 7 - 0, 3 = 2*d - y*w. Suppose 32 = d*x + 2. Calculate the highest common divisor of 30 and x.
10
Let h(w) = -7*w - 5. Let f(m) = m**3 - 9*m**2 - m + 7. Let l be f(9). Let c be h(l). Let z = -43 + 106. What is the highest common factor of c and z?
9
Suppose -18*s = -15*s + 3. Let b(u) = -131*u**3 + 1. Let v be b(s). Calculate the greatest common factor of 12 and v.
12
Let x = 35 + -31. Suppose 176 = 5*a - x*i, a - 2*i = 2*i + 32. Calculate the greatest common divisor of 12 and a.
12
Suppose 3*y = 4*u - 462, 5*u - 448 = u - 4*y. Let x = u - 37. Suppose 3*r = -5 + 38. Calculate the greatest common divisor of x and r.
11
Suppose 0 = 4*w - o - 64 - 75, -4*w + 136 = -4*o. Let i = 100 - w. What is the highest common divisor of 5 and i?
5
Let o = -6 - -21. Suppose x = -42 + 180. Let d = x - 33. What is the highest common divisor of d and o?
15
Let p be (-24)/(-3) - -1 - -3. Suppose -3*d + 3 = -p. Calculate the greatest common factor of d and 25.
5
Let p(q) = q**2 - 22*q + 125. Let b be p(7). Calculate the greatest common divisor of b and 60.
20
Let w(g) = g**3 - g**2 + 1. Let u be w(2). Suppose 21*o - 13*o = 200. What is the highest common factor of o and u?
5
Suppose -3*t - 3*m + 347 = 2*t, 3*m - 213 = -3*t. What is the greatest common factor of 67 and t?
67
Let n be 0/6 + (-72)/(-3). Suppose -5*l - n + 34 = 0. Suppose -4*x = 4*b - 124, 0 = 3*x - 0*b + l*b - 98. What is the highest common divisor of 18 and x?
18
Let w be (2/2)/((-31)/(-558)). Suppose 5*u + 3*x - 357 = 0, -3*u + x = -2*u - 73. Calculate the highest common divisor of u and w.
18
Let x(d) = -10*d**3 - d**2 - d - 1. Suppose 4*r + 4*v - 5 + 1 = 0, 5*v - 6 = -4*r. Let h be x(r). Calculate the greatest common factor of h and 1.
1
Let y(m) = 0*m + 8*m**2 + 2*m + 5*m - 15*m**2 + 8 - m**3. Let r be y(-8). What is the greatest common factor of r and 64?
16
Suppose -117 = -4*a + 2*z - 3, 2*a - 4*z - 72 = 0. Calculate the greatest common divisor of a and 78.
26
Let o(z) = -11*z + 3. Let i be o(-8). Let d be (2 + 1)*i/21. Calculate the highest common factor of d and 26.
13
Let b(o) = 10*o + 204. Let z be b(22). Calculate the greatest common factor of 53 and z.
53
Let k be (7 + 5)/6*11. Calculate the highest common factor of k and 2.
2
Let c = 57 - 47. Suppose 297 = c*z - 7*z. What is the highest common factor of 11 and z?
11
Let a = -20 - -32. Suppose -5 - a = c - 4*v, -5*v = -3*c - 16. Suppose 3*q + c*k = 3, -2*q + k + 1 = -10. What is the highest common factor of q and 12?
4
Let n be ((-14)/63*201)/(2/(-3)). Let l = n - -13. What is the highest common factor of l and 5?
5
Suppose 7*g - 22 = 2*g - s, 2*g - 12 = -2*s. Suppose 3*k + 24 = g*k. Calculate the greatest common factor of 60 and k.
12
Suppose 2*p - 809 = 3*n, -1533 = -5*p + 5*n + 482. Calculate the highest common divisor of p and 16.
16
Suppose -5*m = -59 - 21. Suppose -k = 2*h - 64, 0 = 2*k - 6*k - h + 256. What is the greatest common factor of k and m?
16
Suppose 26*x = 23*x + 156. Let p be -4 - (-580 + (8 - 4)). Calculate the highest common factor of p and x.
52
Suppose 0 = 4*v - 0 - 8, 80 = 2*g + 2*v. Let z = 71 - g. Let f be (2 + 4)/(2/44). What is the highest common divisor of z and f?
33
Let z = -13 + 15. Suppose 3*l - 8 = 10. Calculate the greatest common factor of z and l.
2
Let x(g) be the second derivative of 17*g**4/6 + 11*g**3/3 - g. Let m be x(-3). What is the highest common divisor of 15 and m?
15
Suppose 4*r = -5*z + 496, 5*z = -7*r + 9*r - 278. What is the greatest common divisor of 3 and r?
3
Let y(l) = -l**3 - 5*l**2 + 5*l + 7. Let p be y(-7). Calculate the greatest common divisor of 14 and p.
14
Suppose -6*v + v = f - 322, 5*f = 4*v - 275. Let k(l) = l**3 - 4*l**2. Let z be k(5). Let j = 38 - z. Calculate the highest common factor of v and j.
13
Suppose 0 = 4*n + 28 + 52. Let h be (n/(-3))/(8/36). Let o be 2404/h - (-36)/(-270). What is the greatest common divisor of o and 20?
20
Let o(i) = 2*i**2 - 23*i - 11. Let b be o(13). Calculate the highest 